 What is the greatest common divisor of c and r?
12
Let d = 371 - 196. What is the greatest common factor of d and 203?
7
Suppose 2*i - 7*i - 3*v = -564, 4*v = -i + 123. Let y = i + -61. Let c = y + -31. Calculate the greatest common factor of c and 133.
19
Let i be ((-30664)/(-6))/2 - (-94)/141. Calculate the greatest common divisor of 36 and i.
36
Suppose 2*a = -3*a + 130. Let n(l) = -l**2 + 38*l - 139. Let w be n(5). Calculate the highest common divisor of a and w.
26
Suppose 4*n + o = 77, -2*o + 0*o - 74 = -4*n. Let t be 3 - ((6 - 6) + 0). Let d = t + n. What is the highest common divisor of 66 and d?
22
Suppose -149*p - 15958 = -175*p + 275502. What is the greatest common factor of p and 95?
95
Let c = 196 - 195. What is the highest common divisor of 40 and c?
1
Let u be (-246)/4*(-7678)/99 - 3/(-9). What is the greatest common factor of u and 18?
18
Let f = 165 - 25. Let a = -75 + 110. What is the highest common factor of f and a?
35
Let n = 7291 + -5921. What is the greatest common divisor of n and 5?
5
Suppose -5*y + 376 + 0 = 4*l, 2*l + 4*y - 194 = 0. Calculate the greatest common divisor of 17711 and l.
89
Suppose -c = -w - 16, -3*w = 5*c + 42 - 82. Calculate the greatest common divisor of 99 and c.
11
Let l be (188/14)/(117/3276). What is the highest common factor of l and 8084?
188
Suppose 5 = -2*b + 21. Let j(l) = l**3 - 7*l**2 - 13*l + 40. Let h be j(b). Suppose h = -5*p + 10*p - 195. What is the highest common factor of 39 and p?
39
Suppose 102 - 1488 = -126*k. What is the greatest common divisor of k and 149?
1
Let l(p) = 34*p + 173. Suppose -78*w + 79*w + 4 = 0. Let v be l(w). Calculate the highest common divisor of v and 111.
37
Let r(q) = q**2 - 4*q - 1. Let k be r(6). Suppose -65*o - 5998 = -53996 - 4197. Calculate the highest common factor of k and o.
11
Suppose 0 = -c + r + 78, 28 + 185 = 3*c + 4*r. Calculate the greatest common factor of c and 575.
25
Let t be (7616/(-680))/((-8)/10). What is the highest common divisor of t and 1414?
14
Suppose 0 = -c - 3*x + 205, 134 = -c + 4*x + 339. Let g(d) = -225*d + 2480. Let m be g(11). Calculate the highest common factor of c and m.
5
Let w(r) = -34*r**3 - 17*r**2 - 10*r + 7. Let p be w(-1). Calculate the highest common divisor of 32 and p.
2
Suppose 5*q + 359 = 3*u + 1594, -2*q - 5*u + 525 = 0. Suppose g = 4*s - 37, -80*s + 85*s = g + 47. What is the greatest common divisor of q and s?
10
Let q(d) be the second derivative of -1/20*d**5 - 2/3*d**3 - 5*d**2 - 2/3*d**4 + 37*d + 0. Let k be q(-8). Calculate the highest common factor of k and 22.
22
Let c be 7*(120/75 + (-41670)/(-50)). What is the highest common factor of c and 105?
35
Suppose -2*k - 165 - 2233 = -4*b, -2*b = 4*k - 1224. Calculate the highest common divisor of b and 14.
14
Let f = -92 - -102. Suppose f*l - 345 = 105. What is the greatest common factor of l and 360?
45
Let c = -36 - -41. Suppose -8*i + 9 = -c*i. Let q = i + 2. What is the greatest common divisor of q and 15?
5
Let f = -80 - -92. Let y = -2073 - -2949. Calculate the greatest common divisor of f and y.
12
Let r(p) = 198*p + 1335. Let c be r(-6). Suppose 3*t - 37 = t - 5*u, 2*u + 23 = t. Calculate the greatest common divisor of c and t.
21
Let p = -65 + 111. Suppose 0 = -3*a - 146 + 26. Let m be (-46)/(-4)*a/(-12)*3. Calculate the greatest common factor of p and m.
23
Let g = -2937 - -3041. What is the greatest common factor of 472 and g?
8
Let u(w) = 1034*w**2 - 2*w - 1. Let k be u(-1). Suppose -2*y + 131 = 3*m - 0*y, 313 = 7*m + y. Calculate the highest common factor of m and k.
45
Let b = -50 + 74. Let x = 7091 + -7035. What is the greatest common factor of b and x?
8
Let l = -323 - -428. Let r = -15 - -295. What is the greatest common divisor of l and r?
35
Let b = 27621 + -27617. Let y = 8 - 4. Calculate the highest common divisor of b and y.
4
Suppose -2*l = 5*c - 3331, 163*c - 2*l - 671 = 162*c. Let o(r) = -30*r - 1. Let g be o(-1). Calculate the highest common factor of g and c.
29
Suppose 0 = 7*w - 3*w - 48. Let n = 34 - w. Let c be (-50)/(-8) - (n/(-8) - -2). What is the greatest common factor of 56 and c?
7
Let y = -21056 - -23532. Calculate the greatest common divisor of 4 and y.
4
Let l = 2640 - 2436. Calculate the greatest common factor of 3468 and l.
204
Let l(m) = m**3 + 12*m**2 + m + 28. Let n be l(-12). Let j(b) = -b. Let u be j(0). Let x be 0 - (0 + -2) - u. Calculate the highest common divisor of x and n.
2
Suppose 444*l + 1408 = 455*l. What is the greatest common divisor of 928 and l?
32
Suppose -67 = -4*f + 53. Let w = -248 + 252. Let a be w/(-26) + 1568/52. What is the greatest common factor of f and a?
30
Let j be (3/9*1)/(94/8460). Let a = -197 - -1457. Calculate the highest common divisor of a and j.
30
Let y = -4218 - -4318. What is the highest common factor of 20 and y?
20
Let j = -13755 + 14259. Calculate the highest common factor of j and 189.
63
Let t = 817 - 527. Suppose -283*y + t*y = 84. Calculate the greatest common divisor of 768 and y.
12
Let s be 7/14*(4 - -4). Suppose -s*b = 4*b - 320. Calculate the highest common factor of b and 15.
5
Let k be 2/14 + (-50405919)/(-2667). Calculate the highest common divisor of 30 and k.
30
Let z = 11288 - 11078. What is the greatest common divisor of 5600 and z?
70
Let j = 305 + -217. Let r = j - 20. What is the greatest common divisor of 8 and r?
4
Suppose -56501 = -21*i + 56444 + 17717. What is the highest common divisor of i and 170?
34
Let q(d) = 11*d**2 - 2*d - 18. Let h be q(-4). Suppose 157*t = h*t - 1188. Calculate the highest common divisor of 24 and t.
12
Let o be (-17 - (24 - 45)) + 15. Suppose 2 = -u + 306. What is the greatest common divisor of u and o?
19
Suppose 190 + 230 = 21*n. Suppose n - 136 = -l. What is the greatest common divisor of 1856 and l?
116
Suppose 189*z - 34*z = -125*z + 264600. Calculate the greatest common divisor of 504 and z.
63
Suppose 0 = 5*x + 19 - 4, i = x - 2197. Let d be ((-6)/(-14))/3 - i/35. Calculate the highest common factor of d and 9.
9
Let x(g) = 6*g**3 + 58*g**2 - 32*g - 370. Let a be x(-9). What is the highest common factor of a and 847?
121
Suppose 0 = 7*f + 2*f - 36. Suppose v - 40 = 5*v - 4*p, f = -p. Let w be 12/42 - (80/v + 0). Calculate the greatest common factor of 12 and w.
6
Let a = -54 - -76. Let j(b) = 50*b - 24. Let d be j(4). What is the highest common divisor of a and d?
22
Suppose -38 = -2*t - 3*w, -3*t + 46*w - 41*w = -38. Calculate the highest common divisor of t and 5120.
16
Suppose -442 = -5*r + 2*r - y, 5*y = 4*r - 583. Let m = -1479 + 1675. What is the highest common divisor of m and r?
49
Let n be 91/(-7) - (7 - 208). What is the highest common factor of 24 and n?
4
Let k be 1*-1 + 0 + 1. Let t = 6060 - 6056. Suppose k*o - 124 = -2*o - t*v, -5*v + 25 = 0. What is the greatest common factor of 13 and o?
13
Let y be (44 + 120/45)*(-24)/(-10). What is the highest common divisor of 399 and y?
7
Let l = -5786 - -15610. What is the greatest common factor of 32 and l?
32
Let x(t) = -t**2 - 40*t + 86. Let d be x(-42). What is the greatest common divisor of d and 27?
1
Let c be (4 - (-44)/(-10)) + (-148)/(-20). Suppose 19*n = 12*n + 21. Calculate the highest common divisor of c and n.
1
Let s be 1/(-4) - (-41)/4. Let j(c) = 737*c - 2908. Let h be j(4). What is the greatest common divisor of s and h?
10
Let z = -7 + 19. Suppose 2*r + 1552 = 5*k + 5*r, z = 3*r. What is the highest common divisor of 44 and k?
44
Let c(g) = 4*g - 29. Let d(j) = j - 1. Let b be d(7). Let y be c(b). Let h be ((-30)/24)/y - 542/(-8). What is the greatest common divisor of h and 17?
17
Suppose -38*o + 7540 = -3138. What is the highest common divisor of o and 2?
1
Suppose 512 = 4*a - 48. Suppose -32*s = -259 + 67. Suppose -9*d = -s*d - 60. What is the greatest common factor of a and d?
20
Let p(j) = 78*j**2 - 2*j - 4. Suppose 24 = -11*r + 2. Let u be p(r). Calculate the highest common divisor of 39 and u.
39
Let r = -4912 - -5637. Calculate the greatest common factor of r and 325.
25
Let p(g) be the first derivative of g**4/4 + 25*g**3/3 - 2*g**2 + 8*g - 72. Let d be p(-25). What is the highest common divisor of d and 8?
4
Suppose -694806 + 1285417 = 269*h - 1031997. Calculate the greatest common factor of 156 and h.
52
Let r = 167898 + -1